ided by 25?
20
What is the remainder when 372 is divided by 5?
2
What is the remainder when 146 is divided by 29?
1
What is the remainder when 11 is divided by 6?
5
Calculate the remainder when 74 is divided by 32.
10
Calculate the remainder when 1018 is divided by 33.
28
What is the remainder when 375 is divided by 138?
99
Calculate the remainder when 121 is divided by 41.
39
Calculate the remainder when 155 is divided by 9.
2
Calculate the remainder when 663 is divided by 8.
7
What is the remainder when 476 is divided by 166?
144
What is the remainder when 25144 is divided by 198?
196
What is the remainder when 839 is divided by 100?
39
What is the remainder when 169 is divided by 59?
51
Calculate the remainder when 222 is divided by 4.
2
Calculate the remainder when 1177 is divided by 19.
18
Calculate the remainder when 958 is divided by 232.
30
Calculate the remainder when 589 is divided by 58.
9
Calculate the remainder when 311 is divided by 39.
38
Calculate the remainder when 3930 is divided by 23.
20
What is the remainder when 97 is divided by 10?
7
What is the remainder when 46 is divided by 7?
4
Calculate the remainder when 106 is divided by 22.
18
Calculate the remainder when 1308 is divided by 57.
54
Calculate the remainder when 163 is divided by 62.
39
What is the remainder when 9254 is divided by 189?
182
What is the remainder when 89 is divided by 31?
27
Calculate the remainder when 2771 is divided by 36.
35
What is the remainder when 393 is divided by 129?
6
Calculate the remainder when 355 is divided by 94.
73
Calculate the remainder when 1590 is divided by 37.
36
What is the remainder when 485 is divided by 181?
123
What is the remainder when 162 is divided by 161?
1
Calculate the remainder when 1215 is divided by 10.
5
Calculate the remainder when 68 is divided by 20.
8
Calculate the remainder when 74 is divided by 40.
34
What is the remainder when 1694 is divided by 5?
4
Calculate the remainder when 3008 is divided by 17.
16
What is the remainder when 87 is divided by 22?
21
What is the remainder when 1215 is divided by 42?
39
Calculate the remainder when 321 is divided by 58.
31
Calculate the remainder when 5371 is divided by 21.
16
What is the remainder when 42 is divided by 18?
6
What is the remainder when 2413 is divided by 24?
13
What is the remainder when 31117 is divided by 20?
17
Calculate the remainder when 1919 is divided by 193.
182
Calculate the remainder when 467 is divided by 336.
131
Calculate the remainder when 1073 is divided by 18.
11
What is the remainder when 133 is divided by 13?
3
Calculate the remainder when 797 is divided by 229.
110
Calculate the remainder when 311 is divided by 78.
77
Calculate the remainder when 221 is divided by 70.
11
Calculate the remainder when 3860 is divided by 1281.
17
What is the remainder when 77 is divided by 12?
5
Calculate the remainder when 524 is divided by 11.
7
Calculate the remainder when 8497 is divided by 27.
19
What is the remainder when 238 is divided by 15?
13
What is the remainder when 4663 is divided by 88?
87
Calculate the remainder when 161 is divided by 25.
11
What is the remainder when 389 is divided by 96?
5
Calculate the remainder when 416 is divided by 59.
3
What is the remainder when 944 is divided by 85?
9
Calculate the remainder when 786 is divided by 70.
16
What is the remainder when 791 is divided by 264?
263
Calculate the remainder when 411 is divided by 136.
3
Calculate the remainder when 16205 is divided by 73.
72
What is the remainder when 290 is divided by 60?
50
Calculate the remainder when 16963 is divided by 17.
14
What is the remainder when 347 is divided by 151?
45
What is the remainder when 4804 is divided by 155?
154
What is the remainder when 234 is divided by 74?
12
What is the remainder when 2032 is divided by 37?
34
Calculate the remainder when 194 is divided by 11.
7
What is the remainder when 1223 is divided by 24?
23
Calculate the remainder when 540 is divided by 92.
80
Calculate the remainder when 98 is divided by 43.
12
What is the remainder when 688 is divided by 25?
13
Calculate the remainder when 23 is divided by 10.
3
What is the remainder when 291 is divided by 68?
19
What is the remainder when 5 is divided by 5?
0
Calculate the remainder when 1946 is divided by 5.
1
Calculate the remainder when 4102 is divided by 71.
55
What is the remainder when 1903 is divided by 119?
118
Calculate the remainder when 2772 is divided by 111.
108
What is the remainder when 428 is divided by 32?
12
Calculate the remainder when 343 is divided by 84.
7
What is the remainder when 68 is divided by 19?
11
What is the remainder when 102 is divided by 51?
0
What is the remainder when 462 is divided by 14?
0
Calculate the remainder when 517 is divided by 21.
13
What is the remainder when 9342 is divided by 8?
6
Calculate the remainder when 2565 is divided by 849.
18
Calculate the remainder when 294 is divided by 83.
45
What is the remainder when 97 is divided by 27?
16
What is the remainder when 71 is divided by 28?
15
Calculate the remainder when 228 is divided by 61.
45
What is the remainder when 104 is divided by 22?
16
Calculate the remainder when 377 is divided by 55.
47
Calculate the remainder when 309 is divided by 81.
66
What is the remainder when 364 is divided by 23?
19
Calculate the remainder when 97 is divided by 4.
1
Calculate the remainder when 693 is divided by 6.
3
What is the remainder when 820 is divided by 279?
262
What is the remainder when 256 is divided by 85?
1
What is the remainder when 35523 is divided by 49?
47
What is the remainder when 3347 is divided by 27?
26
What is the remainder when 58 is divided by 36?
22
What is the remainder when 1801 is divided by 13?
7
What is the remainder when 352 is divided by 349?
3
Calculate the remainder when 433 is divided by 120.
73
Calculate the remainder when 163 is divided by 101.
62
Calculate the remainder when 281 is divided by 47.
46
What is the remainder when 260 is divided by 127?
6
What is the remainder when 186 is divided by 7?
4
What is the remainder when 63 is divided by 33?
30
Calculate the remainder when 432 is divided by 220.
212
What is the remainder when 12162 is divided by 52?
46
What is the remainder when 2600 is divided by 137?
134
What is the remainder when 295 is divided by 33?
31
What is the remainder when 1377 is divided by 129?
87
Calculate the remainder when 832 is divided by 140.
132
What is the remainder when 328 is divided by 47?
46
Calculate the remainder when 357 is divided by 110.
27
Calculate the remainder when 1095 is divided by 316.
147
Calculate the remainder when 120 is divided by 25.
20
What is the remainder when 289 is divided by 73?
70
Calculate the remainder when 824 is divided by 59.
57
What is the remainder when 2638 is divided by 240?
238
What is the remainder when 3387 is divided by 28?
27
Calculate the remainder when 244 is divided by 82.
80
Calculate the remainder when 230 is divided by 207.
23
Calculate the remainder when 1509 is divided by 249.
15
Calculate the remainder when 961 is divided by 68.
9
Calculate the remainder when 162 is divided by 43.
33
Calculate the remainder when 16681 is divided by 43.
40
What is the remainder when 7258 is divided by 132?
130
Calculate the remainder when 490 is divided by 77.
28
Calculate the remainder when 1885 is divided by 26.
13
Calculate the remainder when 1847 is divided by 22.
21
What is the remainder when 332 is divided by 42?
38
Calculate the remainder when 85 is divided by 36.
13
Calculate the remainder when 752 is divided by 58.
56
What is the remainder when 268 is divided by 17?
13
What is the remainder when 417 is divided by 12?
9
What is the remainder when 204 is divided by 59?
27
Calculate the remainder when 645 is divided by 108.
105
Calculate the remainder when 6431 is divided by 195.
191
What is the remainder when 147 is divided by 139?
8
Calculate the remainder when 864 is divided by 179.
148
Calculate the remainder when 47 is divided by 29.
18
What is the remainder when 66 is divided by 24?
18
Calculate the remainder when 2413 is divided by 7.
5
Calculate the remainder when 318 is divided by 113.
92
What is the remainder when 316 is divided by 64?
60
What is the remainder whe